 -5*f = -4*z + 14. Suppose z + 0 = 2*s. Calculate the remainder when q is divided by s.
1
Suppose u + 4*c = 30, 5*u + 2*c = 3*c + 87. Suppose b = -b + 4*m + 200, -284 = -3*b + 2*m. Suppose 3*p - b = 13. Calculate the remainder when p is divided by u.
17
Let h be (0 + -1)/((-1)/42). Suppose -3*i + h = -9. Suppose -2*m - 12 = -110. What is the remainder when m is divided by i?
15
Suppose 3*c - 100 = -3*i - 4, 5*i - c = 148. Suppose 4*w = 3*m + 138, -5*m = -w + 73 - i. What is the remainder when w is divided by 17?
16
Let b(o) = -o**3 + o**2 - o + 2. Let p be b(0). Suppose v + p*v + 5*w = 90, 69 = 3*v - 2*w. What is the remainder when 72 is divided by v?
22
Let z = 29 + 126. What is the remainder when z is divided by 26?
25
Let j = 1 - -1. Let d(o) = -o**2 + 10*o - 14. Calculate the remainder when d(8) is divided by j.
0
Let m be (72/3)/(6/(-4)). Let u = m - -25. What is the remainder when 33 is divided by u?
6
Let m(x) = x**2 - 2*x + 1. Let g be (1/2)/((-1)/(-12)). Calculate the remainder when m(g) is divided by 9.
7
Let w(l) = 3*l**2 + 2*l. Let z(u) = 2*u**2 + u + 1. Let v(k) = 3*w(k) - 4*z(k). Let n = -41 - -36. What is the remainder when 21 is divided by v(n)?
10
Let t be (-2)/(-4)*266/7. Let s = t + -5. Calculate the remainder when 41 is divided by s.
13
Suppose 2*i - 20 = -4*a, -28 = -6*a + 3*a + 5*i. Suppose -3*x = 15 - 0. Let q(b) = -4*b + 1. Calculate the remainder when q(x) is divided by a.
3
Let c(q) = 6*q**3 + 21*q**2 - 5*q - 10. Let i(x) = -x**3 - 4*x**2 + x + 2. Let k(w) = 4*c(w) + 22*i(w). What is the remainder when k(3) is divided by 10?
8
Let q(j) = 3*j**2 - 3*j. Let l be q(3). Suppose -4*g + 1 = -3, 6 = t + 4*g. Suppose 0*b - l = -t*b. What is the remainder when b is divided by 5?
4
Let p(a) = -2*a - 8. Let y be (-1)/(-3) + 4/6. Calculate the remainder when p(-24) is divided by (-28)/(-6)*3*y.
12
Calculate the remainder when (-3 - 0)*(-18)/3 is divided by 10.
8
Suppose 5*n - 21 = -3*k + 40, 0 = -4*n + 8. What is the remainder when k is divided by 6?
5
Suppose -3*w + 164 = w. Let t(i) = 6*i - 3. Suppose 7*b - 5*b = 8. What is the remainder when w is divided by t(b)?
20
Let r = -2 + 10. Let f = -5 + 3. Let c = 5 + f. What is the remainder when r is divided by c?
2
Let c(r) = -27*r**3 - r**2 - r. What is the remainder when c(-1) is divided by 395/40 + 1/8?
7
Let w(q) = 4*q**3 - 3*q**2 - 4*q + 4. Calculate the remainder when w(3) is divided by 19.
16
Let o be (-102)/(-5) - 6/15. Suppose -4*t + o = -0*t. Let i(f) = 4*f + 3. What is the remainder when i(t) is divided by 12?
11
Let c be (-3)/21 + (-20)/7. Calculate the remainder when 75 is divided by c*(-76)/12 - 0.
18
Let v = 3 - 0. Let w be ((-2)/v)/((-4)/6). Suppose a - 5*u - w - 11 = 0, -4*u - 16 = -4*a. What is the remainder when a is divided by 1?
0
Let y(g) = 24*g**3 - 2*g + 1. Calculate the remainder when y(1) is divided by 10.
3
Let r(f) = f**3 - 6*f**2 + 8. Let x be r(6). Let q(g) = g + 2. Calculate the remainder when q(x) is divided by 3.
1
Let t(j) = 12*j - 1. Let h = -2 - -3. What is the remainder when 30 is divided by t(h)?
8
Let o = 26 + -24. Suppose -m - c - c + 19 = 0, -64 = -4*m - 5*c. What is the remainder when m is divided by (1/o)/(1/14)?
4
Suppose 28 + 20 = 2*n + 4*r, -4*r = 0. What is the remainder when n is divided by 5?
4
Suppose 2*p - p - 8 = 0. Let d(x) = 11 - 4*x - 5 + 8*x**2 - x**3 + 5*x. Calculate the remainder when d(8) is divided by p.
6
Let v = 9 - -1. Let s = -7 + v. What is the remainder when 32 is divided by s/(-9) - 68/(-6)?
10
Let q = 1 + 6. Let l = q + -5. Let n = 8 - l. Calculate the remainder when n is divided by 4.
2
Let a = 3 - -2. Suppose a*s + 11 - 41 = 5*w, 3*s - 8 = w. Let f(h) = 13*h**2 - 1. Calculate the remainder when 22 is divided by f(s).
10
Let f(o) = -4*o - 9. Calculate the remainder when 45 is divided by f(-8).
22
Suppose 3*y = -2*z + 30, 4*z - 20 = 2*y - 4*y. Suppose 2 = 2*r - 0*r, 3*i = -3*r + 87. What is the remainder when i is divided by y?
8
Let x(y) = 3*y**3 - y**2 + 1. Suppose -5*h + 9*h = 8. Calculate the remainder when x(h) is divided by 6.
3
Let i(f) = 4*f + 31. Calculate the remainder when 11 is divided by i(-7).
2
Let q(j) = 2*j**3 - 3*j**2 + 3*j + 1. Let t = -4 - -17. What is the remainder when q(3) is divided by t?
11
Suppose -4*t + 274 = 98. Suppose 5*d - 32 = 2*o, d + d + 4 = -2*o. Calculate the remainder when t is divided by -2*o*(-5)/(-4).
14
Let r = 16 - -3. Calculate the remainder when 35 is divided by r.
16
Let f = 1 + 9. Let i(b) = -4*b + 4. Let w be i(-3). Let v = w - f. What is the remainder when v is divided by 3?
0
Calculate the remainder when 47 is divided by (-2)/(4/(-6)) + 18/2.
11
Let n = 150 - 71. Calculate the remainder when n is divided by 20.
19
Let s(w) = -w**2 + 12*w - 3. What is the remainder when 31 is divided by s(10)?
14
Suppose -620 = -2*c - 2*c. Calculate the remainder when c is divided by 52.
51
Let b = 269 + -193. Let x(r) = 13*r**2. Calculate the remainder when b is divided by x(-1).
11
Let a be (-4)/4 - (1 - -2). Calculate the remainder when 15 is divided by 54/a*6/(-9).
6
Let x(o) = o**2 - 3. Calculate the remainder when (-684)/(-63) - ((-18)/(-21) + -1) is divided by x(3).
5
Suppose -19 + 390 = 7*n. What is the remainder when n is divided by 18?
17
Calculate the remainder when 140 is divided by (80/12 + -4)*18.
44
Let h = 33 + 7. Let k(a) = 14*a**2 + a + 1. Calculate the remainder when h is divided by k(-1).
12
Let b = -31 - -66. Calculate the remainder when b is divided by 9.
8
Let c be 1*(4 + 296)/4. Suppose 0 = 2*k + 3*k - c. What is the remainder when k is divided by 6?
3
Let c(q) = 2*q**2 - 3*q - 1. Calculate the remainder when 22 is divided by c(3).
6
Suppose -1932 = -2*o - 2*o. Suppose -4*v = 151 - o. Suppose -2*m + 4*n + 98 = 0, 0 = -0*m + 2*m + n - v. What is the remainder when m is divided by 11?
10
Suppose 52*i + 44 = 56*i. Suppose g - 45 = -4. Calculate the remainder when g is divided by i.
8
Calculate the remainder when ((-138)/8)/((-3)/(-6))*-2 is divided by 7.
6
Suppose -61 = -3*u + 2*u + 5*g, -2*u + g + 77 = 0. Calculate the remainder when 68 is divided by u.
32
Suppose -9*k + 19 + 125 = 0. What is the remainder when 206 is divided by k?
14
Suppose -125 = -6*c + c. Suppose -47 = -3*u + c. Calculate the remainder when u is divided by 13.
11
Let x be ((-3)/(-3))/(1/72). Let g = x + -36. Calculate the remainder when g is divided by 19.
17
Let l be (-66)/14 + 4/(-14). Let y(h) = -h**2 - 2*h + 5. Let m be y(l). Calculate the remainder when 10 is divided by ((-4)/m)/(2/20).
2
Let p = 5 + -4. Calculate the remainder when 37 is divided by p + 6 + 3 + 0.
7
Let u = -50 - -73. Let w(z) = -z**2 - z + 67. Suppose 2*q + 12 = -2*i - q, -5*i + 8 = -2*q. What is the remainder when w(i) is divided by u?
21
Let h be (-28)/(-20) + 4/(-10). Let j be 2 + (-1 - h) - -8. Let k(n) = n + 3. Calculate the remainder when k(j) is divided by 4.
3
Let v = 9 + -1. Let a = 199 - 169. What is the remainder when a is divided by v?
6
Let t(j) = j + 14. What is the remainder when t(6) is divided by (28/8)/((-1)/(-2))?
6
Let v(x) = 3 - 2*x + 6*x**3 + 4*x**2 - 2*x - 3*x**3. Let j = -72 - -81. What is the remainder when v(2) is divided by j?
8
Let i = 43 + 29. Calculate the remainder when i is divided by 15.
12
Suppose 2*c + 49 = 133. Let k(b) = -b**2 + 8*b - 4. Suppose 2 = -2*d + 5*u - 3, u + 2 = d. Calculate the remainder when c is divided by k(d).
9
Let k(m) = 11*m - 6. Calculate the remainder when k(2) is divided by 9.
7
Let l(m) = 10*m + 1. What is the remainder when l(2) is divided by 12?
9
Let a = 6 + -5. Let s = -13 - -20. Suppose -s = -g + a. What is the remainder when 22 is divided by g?
6
Let d(z) = 2*z + 1. Let q(n) = n**2 - 11*n - 12. What is the remainder when q(13) is divided by d(2)?
4
Suppose -2*l = 3*l + 15, 2*c - 3*l = 179. What is the remainder when c is divided by 22?
19
Let l be (9/(-6))/(1/(-40)). Suppose -5*q + 5*u = u - l, -31 = -2*q + 3*u. Calculate the remainder when 15 is divided by q.
7
Suppose 0 = -4*m + v - 15, 2*m = -m + 4*v - 21. Suppose 0*d = d - 4. Calculate the remainder when (-86)/(-6) - 2/m is divided by d.
3
Suppose -c + 85 = 4*c. Calculate the remainder when (16/(-6))/((-5)/60) is divided by c.
15
Let t = 3 - -5. Let i = 11 - t. What is the remainder when (-66)/8*